{"id":21,"date":"2025-10-22T19:59:34","date_gmt":"2025-10-22T22:59:34","guid":{"rendered":"https:\/\/efape.educacao.sp.gov.br\/educacaoespecial\/?page_id=21"},"modified":"2025-10-26T17:16:33","modified_gmt":"2025-10-26T20:16:33","slug":"recursos-e-materiais","status":"publish","type":"page","link":"https:\/\/efape.educacao.sp.gov.br\/educacaoespecial\/recursos-e-materiais\/","title":{"rendered":"Recursos e materiais"},"content":{"rendered":"\t\t<div data-elementor-type=\"wp-page\" data-elementor-id=\"21\" class=\"elementor elementor-21\">\n\t\t\t\t<div class=\"elementor-element elementor-element-9d4a073 e-con-full e-flex e-con e-parent\" data-id=\"9d4a073\" data-element_type=\"container\" data-e-type=\"container\">\n\t\t<div class=\"elementor-element elementor-element-e87b7b9 e-flex e-con-boxed e-con e-child\" data-id=\"e87b7b9\" data-element_type=\"container\" data-e-type=\"container\" data-settings=\"{&quot;background_background&quot;:&quot;classic&quot;}\">\n\t\t\t\t\t<div class=\"e-con-inner\">\n\t\t<div class=\"elementor-element elementor-element-85b15ee e-con-full e-flex e-con e-child\" data-id=\"85b15ee\" data-element_type=\"container\" data-e-type=\"container\">\n\t\t<div class=\"elementor-element elementor-element-754a06c e-con-full e-flex e-con e-child\" data-id=\"754a06c\" data-element_type=\"container\" data-e-type=\"container\" data-settings=\"{&quot;background_background&quot;:&quot;classic&quot;,&quot;position&quot;:&quot;absolute&quot;}\">\n\t\t<div class=\"elementor-element elementor-element-5d67fd5 e-con-full e-flex e-con e-child\" data-id=\"5d67fd5\" data-element_type=\"container\" data-e-type=\"container\">\n\t\t\t\t<div class=\"elementor-element elementor-element-2916c5c elementor-widget elementor-widget-heading\" data-id=\"2916c5c\" data-element_type=\"widget\" data-e-type=\"widget\" data-widget_type=\"heading.default\">\n\t\t\t\t\t<h1 class=\"elementor-heading-title elementor-size-default\">Recursos \ne Materiais<\/h1>\t\t\t\t<\/div>\n\t\t\t\t<div class=\"elementor-element elementor-element-8c6413e elementor-widget elementor-widget-text-editor\" data-id=\"8c6413e\" data-element_type=\"widget\" data-e-type=\"widget\" data-widget_type=\"text-editor.default\">\n\t\t\t\t\t\t\t\t\t<p>Explore os recursos e materiais utilizados pela nossa rede.<\/p>\t\t\t\t\t\t\t\t<\/div>\n\t\t\t\t<\/div>\n\t\t\t\t<\/div>\n\t\t\t\t<\/div>\n\t\t<div class=\"elementor-element elementor-element-46a3aae e-con-full e-flex e-con e-child\" data-id=\"46a3aae\" data-element_type=\"container\" data-e-type=\"container\">\n\t\t\t\t<\/div>\n\t\t\t\t\t<\/div>\n\t\t\t\t<\/div>\n\t\t<div class=\"elementor-element elementor-element-8d6a99a e-flex e-con-boxed e-con e-child\" data-id=\"8d6a99a\" data-element_type=\"container\" data-e-type=\"container\">\n\t\t\t\t\t<div class=\"e-con-inner\">\n\t\t<div class=\"elementor-element elementor-element-e7eea35 e-con-full e-flex e-con e-child\" data-id=\"e7eea35\" data-element_type=\"container\" data-e-type=\"container\">\n\t\t\t\t<div class=\"elementor-element elementor-element-d89fcd6 elementor-widget elementor-widget-elementor-materiais\" data-id=\"d89fcd6\" data-element_type=\"widget\" data-e-type=\"widget\" data-widget_type=\"elementor-materiais.default\">\n\t\t\t\t<div class=\"elementor-widget-container\">\n\t\t\t\t\t\n<section class='busca__materiais' role=\"search\" aria-label=\"Busca e filtros de materiais educacionais\">\n\n    <form action=\"\" method=\"post\" onsubmit=\"return false;\" role=\"search\">\n        <div class='d-none'>\n            <input type=\"hidden\" name=\"action\" value=\"material_listagem\">\n            <input type=\"hidden\" name=\"items_por_pagina\" value=\"16\">\n            <input type=\"hidden\" name=\"pagina_atual\" value=\"1\">\n        <\/div>\n\n        <label for=\"s\" class=\"sr-only\">Campo de busca por materiais<\/label>\n        <input type=\"search\" name=\"s\" id=\"s\" placeholder=\"Busque por assuntos ou palavra chave\" aria-describedby=\"busca-help\">\n        <div id=\"busca-help\" class=\"sr-only\">Digite palavras-chave para encontrar materiais educacionais<\/div>\n\n        <div class='row align-items-center pt-0 mt-lg-4 mt-3 pb-2'>\n            <div class='col-12 font-15 font-weight-bold txt-black order-lg-0 mb-2'>\n                <div class='mt-1 mb-1 mt-lg-0 mb-lg-0'>Filtre os resultados:<\/div>\n            <\/div>\n            <div class='col-auto col-lg-auto order-lg-1'>\n                <label for=\"etapa_ensino\" class=\"sr-only\">Filtrar por etapa de ensino<\/label>\n                <select name=\"etapa_ensino\" id=\"etapa_ensino\" aria-label=\"Filtrar por etapa de ensino\">\n                    <option value=\"\">Etapa DE ENSINO<\/option>\n                                            <option value=\"37\">Ensino M\u00e9dio<\/option>\n                                            <option value=\"6\">Fundamental II<\/option>\n                                        <option value=\"todas\">Todas as etapas<\/option>\n                <\/select>\n            <\/div>\n            <div class='col-auto col-lg-auto order-lg-2'>\n                <label for=\"disciplina\" class=\"sr-only\">Filtrar por disciplina<\/label>\n                <select name=\"disciplina\" id=\"disciplina\" aria-label=\"Filtrar por disciplina\">\n                    <option value=\"\">Disciplina<\/option>\n                                            <option value=\"7\">Arte<\/option>\n                                            <option value=\"21\">Ci\u00eancias<\/option>\n                                            <option value=\"12\">Educa\u00e7\u00e3o Financeira<\/option>\n                                            <option value=\"18\">Educa\u00e7\u00e3o F\u00edsica<\/option>\n                                            <option value=\"16\">Geografia<\/option>\n                                            <option value=\"17\">Hist\u00f3ria<\/option>\n                                            <option value=\"20\">L\u00edngua Inglesa<\/option>\n                                            <option value=\"19\">L\u00edngua Portuguesa<\/option>\n                                            <option value=\"15\">Matem\u00e1tica<\/option>\n                                        <option value=\"todas\">Todas as disciplinas<\/option>\n                <\/select>\n            <\/div>\n            <div class='col-auto col-lg-auto order-lg-3'>\n                <label for=\"publico\" class=\"sr-only\">Filtrar por p\u00fablico-alvo<\/label>\n                <select name=\"publico\" id=\"publico\" aria-label=\"Filtrar por p\u00fablico-alvo\">\n                    <option value=\"\">P\u00fablico<\/option>\n                                            <option value=\"14\">Professor Especialista em Curr\u00edculo (PEC)<\/option>\n                                            <option value=\"13\">Professor Especializado AEE<\/option>\n                                        <option value=\"todas\">Todos os p\u00fablicos<\/option>\n                <\/select>\n            <\/div>\n            <div class='col-auto col-lg-auto order-lg-4'>\n                <label for=\"formatos\" class=\"sr-only\">Filtrar por formato<\/label>\n                <select name=\"formatos\" id=\"formatos\" aria-label=\"Filtrar por formato\">\n                    <option value=\"\">Formato<\/option>\n                                            <option value=\"10\">Acessibilidade curricular<\/option>\n                                            <option value=\"5\">Boas Pr\u00e1ticas<\/option>\n                                            <option value=\"25\">E-book<\/option>\n                                            <option value=\"26\">Legisla\u00e7\u00f5es e guias<\/option>\n                                            <option value=\"11\">Sugest\u00f5es de atividades<\/option>\n                                    <\/select>\n            <\/div>\n\n            <div class='col-auto col-lg-auto order-lg-5'>\n                <label for=\"nova_categoria\" class=\"sr-only\">Filtrar por categoria<\/label>\n                <select name=\"nova_categoria\" id=\"nova_categoria\" aria-label=\"Filtrar por categoria\">\n                    <option value=\"\">Categoria<\/option>\n                                            <option value=\"40\">Atendimento Socioeducativo<\/option>\n                                            <option value=\"41\">Educa\u00e7\u00e3o do Campo<\/option>\n                                            <option value=\"42\">Educa\u00e7\u00e3o Escolar Ind\u00edgena<\/option>\n                                            <option value=\"43\">Educa\u00e7\u00e3o Escolar Quilombola<\/option>\n                                            <option value=\"44\">Educa\u00e7\u00e3o Especial<\/option>\n                                            <option value=\"45\">Educa\u00e7\u00e3o para a Diversidade Sexual e de G\u00eanero<\/option>\n                                            <option value=\"46\">Educa\u00e7\u00e3o para as Rela\u00e7\u00f5es \u00c9tnico-Raciais<\/option>\n                                            <option value=\"47\">Povos Migrantes Internacionais<\/option>\n                                            <option value=\"48\">Programa Educa\u00e7\u00e3o nas Pris\u00f5es<\/option>\n                                    <\/select>\n            <\/div>\n\n            <div class='col-auto col-lg-auto order-lg-5'>\n                <label for=\"ano\" class=\"sr-only\">Filtrar por ano<\/label>\n                <select name=\"ano\" id=\"ano\" aria-label=\"Filtrar por ano\">\n                    <option value=\"\">Ano<\/option>\n                                            <option value=\"38\">2025<\/option>\n                                            <option value=\"39\">2026<\/option>\n                                    <\/select>\n            <\/div>\n\n            <div class='col-auto col-lg-auto order-lg-5'>\n                <label for=\"ordem\" class=\"sr-only\">Ordenar resultados<\/label>\n                <select name=\"ordem\" id=\"ordem\" aria-label=\"Ordenar resultados\">\n                    <option value=\"\">Ordenar por<\/option>\n                                            <option value=\"data_desc\">Mais recentes<\/option>\n                                            <option value=\"data_asc\">Mais antigos<\/option>\n                                            <option value=\"title_asc\">T\u00edtulo (A-Z)<\/option>\n                                            <option value=\"title_desc\">T\u00edtulo (Z-A)<\/option>\n                                    <\/select>\n            <\/div>\n            <div class='col-12 col-lg text-left text-lg-right  order-lg-6 order-first'>\n                <div class='mt-1 mb-1 mt-lg-0 mb-lg-0 text-nowrap'>\n                    <span class=\"txt-vermelho materiais__contador\">-<\/span> Itens\n                <\/div>\n            <\/div>\n        <\/div>\n\n        <div class='linha-pontilhada'><\/div>\n\n        <div class='busca__materiais__listagem d-none' role=\"region\" aria-label=\"Resultados da busca\" aria-live=\"polite\"><\/div>\n\n        <div class=\"mt-5 mb-5 materiais__listagem-placeholder\" role=\"region\" aria-label=\"Carregando materiais\" aria-live=\"polite\">\n            <div class='mt-4 mb-4 item__materiais content-placeholder'>\n    <div class='pt-4 pb-4'><\/div>\n<\/div><div class='mt-4 mb-4 item__materiais content-placeholder'>\n    <div class='pt-4 pb-4'><\/div>\n<\/div><div class='mt-4 mb-4 item__materiais content-placeholder'>\n    <div class='pt-4 pb-4'><\/div>\n<\/div><div class='mt-4 mb-4 item__materiais content-placeholder'>\n    <div class='pt-4 pb-4'><\/div>\n<\/div><div class='mt-4 mb-4 item__materiais content-placeholder'>\n    <div class='pt-4 pb-4'><\/div>\n<\/div><div class='mt-4 mb-4 item__materiais content-placeholder'>\n    <div class='pt-4 pb-4'><\/div>\n<\/div><div class='mt-4 mb-4 item__materiais content-placeholder'>\n    <div class='pt-4 pb-4'><\/div>\n<\/div><div class='mt-4 mb-4 item__materiais content-placeholder'>\n    <div class='pt-4 pb-4'><\/div>\n<\/div><div class='mt-4 mb-4 item__materiais content-placeholder'>\n    <div class='pt-4 pb-4'><\/div>\n<\/div><div class='mt-4 mb-4 item__materiais content-placeholder'>\n    <div class='pt-4 pb-4'><\/div>\n<\/div><div class='mt-4 mb-4 item__materiais content-placeholder'>\n    <div class='pt-4 pb-4'><\/div>\n<\/div><div class='mt-4 mb-4 item__materiais content-placeholder'>\n    <div class='pt-4 pb-4'><\/div>\n<\/div><div class='mt-4 mb-4 item__materiais content-placeholder'>\n    <div class='pt-4 pb-4'><\/div>\n<\/div><div class='mt-4 mb-4 item__materiais content-placeholder'>\n    <div class='pt-4 pb-4'><\/div>\n<\/div><div class='mt-4 mb-4 item__materiais content-placeholder'>\n    <div class='pt-4 pb-4'><\/div>\n<\/div><div class='mt-4 mb-4 item__materiais content-placeholder'>\n    <div class='pt-4 pb-4'><\/div>\n<\/div>        <\/div>\n\n    <\/form>\n\n    <div class=\"modal-compartilhamento d-none\" data-url=\"\" data-titulo=\"\" role=\"dialog\" aria-modal=\"true\" aria-labelledby=\"modal-titulo\" aria-describedby=\"modal-descricao\">\n    <div class=\"modal-compartilhamento__content p-4\" role=\"document\">\n        <div class=\"modal-compartilhamento__header\">\n            <div class=\"row align-items-center\">\n                <div class=\"col font-26 font-weight-bold txt-vermelho\">\n                    <h2 id=\"modal-titulo\" class=\"m-0\">Compartilhar Material<\/h2>\n                <\/div>\n                <div class=\"col-auto text-right\">\n                    <button class=\"modal-compartilhamento__close\" aria-label=\"Fechar modal de compartilhamento\" title=\"Fechar (Esc)\">\n                        <svg xmlns=\"http:\/\/www.w3.org\/2000\/svg\" fill=\"none\" width=\"24\" height=\"24\" viewBox=\"0 0 24 24\" aria-hidden=\"true\"><path fill=\"currentColor\" fill-rule=\"evenodd\" d=\"M5.293 5.293a1 1 0 0 1 1.414 0L12 10.586l5.293-5.293a1 1 0 1 1 1.414 1.414L13.414 12l5.293 5.293a1 1 0 0 1-1.414 1.414L12 13.414l-5.293 5.293a1 1 0 0 1-1.414-1.414L10.586 12 5.293 6.707a1 1 0 0 1 0-1.414Z\" clip-rule=\"evenodd\"\/><\/svg>\n                    <\/button>\n                <\/div>\n            <\/div>\n        <\/div>\n        <div class=\"modal-compartilhamento__body\">\n            <p class='txt-azul font-weight-bold modal-compartilhamento__titulo' id=\"modal-descricao\"><\/p>\n            <div class='row modal-compartilhamento__redes' role=\"group\" aria-label=\"Compartilhar nas redes sociais\">\n                <div class='col-3 text-center'>\n                    <a href='javascript:void(0);' class='txt-black' aria-label=\"Compartilhar no Facebook\" title=\"Compartilhar no Facebook\" target=\"_blank\" rel=\"noopener\" data-tipo=\"facebook\">\n                        <i class='fa fa-facebook-f fa-2x' aria-hidden=\"true\"><\/i>\n                        <span class=\"sr-only\">Facebook<\/span>\n                    <\/a>\n                <\/div>\n                <div class='col-3 text-center'>\n                    <a href='javascript:void(0);' class='txt-black' aria-label=\"Compartilhar no X\" title=\"Compartilhar no X\" target=\"_blank\" rel=\"noopener\" data-tipo=\"x\">\n                        <svg xmlns=\"http:\/\/www.w3.org\/2000\/svg\" width=\"34\" height=\"34\" viewBox=\"0 0 640 640\"><path fill=\"currentColor\" d=\"M453.2 112L523.8 112L369.6 288.2L551 528L409 528L297.7 382.6L170.5 528L99.8 528L264.7 339.5L90.8 112L236.4 112L336.9 244.9L453.2 112zM428.4 485.8L467.5 485.8L215.1 152L173.1 152L428.4 485.8z\"\/><\/svg>\n                        <span class=\"sr-only\">X (antigo Twitter)<\/span>\n                    <\/a>\n                <\/div>\n                <div class='col-3 text-center'>\n                    <a href='javascript:void(0);' class='txt-black' aria-label=\"Compartilhar no WhatsApp\" title=\"Compartilhar no WhatsApp\" target=\"_blank\" rel=\"noopener\" data-tipo=\"whatsapp\">\n                        <i class='fa fa-whatsapp fa-2x' aria-hidden=\"true\"><\/i>\n                        <span class=\"sr-only\">WhatsApp<\/span>\n                    <\/a>\n                <\/div>\n                <div class='col-3 text-center'>\n                    <a href='javascript:void(0);' class='txt-black' aria-label=\"Compartilhar no LinkedIn\" title=\"Compartilhar no LinkedIn\" target=\"_blank\" rel=\"noopener\" data-tipo=\"linkedin\">\n                        <i class='fa fa-linkedin fa-2x' aria-hidden=\"true\"><\/i>\n                        <span class=\"sr-only\">LinkedIn<\/span>\n                    <\/a>\n                <\/div>\n            <\/div>\n            <div class='modal-compartilhamento__url mt-4' role=\"group\" aria-labelledby=\"url-label\">\n                <label id=\"url-label\" class=\"sr-only\">Link do material para compartilhamento<\/label>\n                <div class='row align-items-center no-gutters'>\n                    <div class='col'>\n                        <input type='text' value='' class='form-control w-100' readonly aria-label=\"URL do material\" aria-describedby=\"url-help\">\n                        <div id=\"url-help\" class=\"sr-only\">Copie este link para compartilhar o material<\/div>\n                    <\/div>\n                    <div class='col-auto'>\n                        <button class='ml-2 btn btn-primary modal-compartilhamento__copiar' aria-label=\"Copiar link do material\" title=\"Copiar para \u00e1rea de transfer\u00eancia\">Copiar<\/button>\n                    <\/div>\n                <\/div>\n            <\/div>\n        <\/div>\n    <\/div>\n<\/div>\n<\/section>\n\n        \t\t\t\t<\/div>\n\t\t\t\t<\/div>\n\t\t\t\t<\/div>\n\t\t\t\t\t<\/div>\n\t\t\t\t<\/div>\n\t\t\t\t<\/div>\n\t\t\t\t<\/div>\n\t\t","protected":false},"excerpt":{"rendered":"<p>Recursos e Materiais Explore os recursos e materiais utilizados pela nossa rede. Campo de busca por materiais Digite palavras-chave para encontrar materiais educacionais Filtre os resultados: Filtrar por etapa de ensino Etapa DE ENSINOFundamental IITodas Filtrar por disciplina DisciplinaArteCi\u00eanciasEduca\u00e7\u00e3o FinanceiraEduca\u00e7\u00e3o F\u00edsicaGeografiaHist\u00f3riaL\u00edngua InglesaL\u00edngua PortuguesaMatem\u00e1ticaTodas Filtrar por p\u00fablico-alvo P\u00fablicoProfessor Especialista em Curr\u00edculo (PEC)Professor Especializado AEETodos Filtrar por [&hellip;]<\/p>\n","protected":false},"author":1,"featured_media":0,"parent":0,"menu_order":0,"comment_status":"closed","ping_status":"closed","template":"","meta":{"_acf_changed":false,"footnotes":""},"class_list":["post-21","page","type-page","status-publish","hentry"],"acf":[],"yoast_head":"<!-- This site is optimized with the Yoast SEO plugin v27.3 - https:\/\/yoast.com\/product\/yoast-seo-wordpress\/ -->\n<title>Recursos e materiais - Educa\u00e7\u00e3o Especial<\/title>\n<meta name=\"robots\" content=\"index, follow, max-snippet:-1, max-image-preview:large, max-video-preview:-1\" \/>\n<link rel=\"canonical\" href=\"https:\/\/efape.educacao.sp.gov.br\/educacaoespecial\/recursos-e-materiais\/\" \/>\n<meta property=\"og:locale\" content=\"pt_BR\" \/>\n<meta property=\"og:type\" content=\"article\" \/>\n<meta property=\"og:title\" content=\"Recursos e materiais - Educa\u00e7\u00e3o Especial\" \/>\n<meta property=\"og:description\" content=\"Recursos e Materiais Explore os recursos e materiais utilizados pela nossa rede. Campo de busca por materiais Digite palavras-chave para encontrar materiais educacionais Filtre os resultados: Filtrar por etapa de ensino Etapa DE ENSINOFundamental IITodas Filtrar por disciplina DisciplinaArteCi\u00eanciasEduca\u00e7\u00e3o FinanceiraEduca\u00e7\u00e3o F\u00edsicaGeografiaHist\u00f3riaL\u00edngua InglesaL\u00edngua PortuguesaMatem\u00e1ticaTodas Filtrar por p\u00fablico-alvo P\u00fablicoProfessor Especialista em Curr\u00edculo (PEC)Professor Especializado AEETodos Filtrar por [&hellip;]\" \/>\n<meta property=\"og:url\" content=\"https:\/\/efape.educacao.sp.gov.br\/educacaoespecial\/recursos-e-materiais\/\" \/>\n<meta property=\"og:site_name\" content=\"Educa\u00e7\u00e3o Especial\" \/>\n<meta property=\"article:modified_time\" content=\"2025-10-26T20:16:33+00:00\" \/>\n<meta name=\"twitter:card\" content=\"summary_large_image\" \/>\n<meta name=\"twitter:label1\" content=\"Est. tempo de leitura\" \/>\n\t<meta name=\"twitter:data1\" content=\"1 minuto\" \/>\n<script type=\"application\/ld+json\" class=\"yoast-schema-graph\">{\"@context\":\"https:\\\/\\\/schema.org\",\"@graph\":[{\"@type\":\"WebPage\",\"@id\":\"https:\\\/\\\/efape.educacao.sp.gov.br\\\/educacaoespecial\\\/recursos-e-materiais\\\/\",\"url\":\"https:\\\/\\\/efape.educacao.sp.gov.br\\\/educacaoespecial\\\/recursos-e-materiais\\\/\",\"name\":\"Recursos e materiais - Educa\u00e7\u00e3o Especial\",\"isPartOf\":{\"@id\":\"https:\\\/\\\/efape.educacao.sp.gov.br\\\/educacaoespecial\\\/#website\"},\"datePublished\":\"2025-10-22T22:59:34+00:00\",\"dateModified\":\"2025-10-26T20:16:33+00:00\",\"breadcrumb\":{\"@id\":\"https:\\\/\\\/efape.educacao.sp.gov.br\\\/educacaoespecial\\\/recursos-e-materiais\\\/#breadcrumb\"},\"inLanguage\":\"pt-BR\",\"potentialAction\":[{\"@type\":\"ReadAction\",\"target\":[\"https:\\\/\\\/efape.educacao.sp.gov.br\\\/educacaoespecial\\\/recursos-e-materiais\\\/\"]}]},{\"@type\":\"BreadcrumbList\",\"@id\":\"https:\\\/\\\/efape.educacao.sp.gov.br\\\/educacaoespecial\\\/recursos-e-materiais\\\/#breadcrumb\",\"itemListElement\":[{\"@type\":\"ListItem\",\"position\":1,\"name\":\"In\u00edcio\",\"item\":\"https:\\\/\\\/efape.educacao.sp.gov.br\\\/educacaoespecial\\\/\"},{\"@type\":\"ListItem\",\"position\":2,\"name\":\"Recursos e materiais\"}]},{\"@type\":\"WebSite\",\"@id\":\"https:\\\/\\\/efape.educacao.sp.gov.br\\\/educacaoespecial\\\/#website\",\"url\":\"https:\\\/\\\/efape.educacao.sp.gov.br\\\/educacaoespecial\\\/\",\"name\":\"Educa\u00e7\u00e3o Especial\",\"description\":\"Site dedicado \u00e0 Educa\u00e7\u00e3o Especial\",\"potentialAction\":[{\"@type\":\"SearchAction\",\"target\":{\"@type\":\"EntryPoint\",\"urlTemplate\":\"https:\\\/\\\/efape.educacao.sp.gov.br\\\/educacaoespecial\\\/?s={search_term_string}\"},\"query-input\":{\"@type\":\"PropertyValueSpecification\",\"valueRequired\":true,\"valueName\":\"search_term_string\"}}],\"inLanguage\":\"pt-BR\"}]}<\/script>\n<!-- \/ Yoast SEO plugin. -->","yoast_head_json":{"title":"Recursos e materiais - Educa\u00e7\u00e3o Especial","robots":{"index":"index","follow":"follow","max-snippet":"max-snippet:-1","max-image-preview":"max-image-preview:large","max-video-preview":"max-video-preview:-1"},"canonical":"https:\/\/efape.educacao.sp.gov.br\/educacaoespecial\/recursos-e-materiais\/","og_locale":"pt_BR","og_type":"article","og_title":"Recursos e materiais - Educa\u00e7\u00e3o Especial","og_description":"Recursos e Materiais Explore os recursos e materiais utilizados pela nossa rede. Campo de busca por materiais Digite palavras-chave para encontrar materiais educacionais Filtre os resultados: Filtrar por etapa de ensino Etapa DE ENSINOFundamental IITodas Filtrar por disciplina DisciplinaArteCi\u00eanciasEduca\u00e7\u00e3o FinanceiraEduca\u00e7\u00e3o F\u00edsicaGeografiaHist\u00f3riaL\u00edngua InglesaL\u00edngua PortuguesaMatem\u00e1ticaTodas Filtrar por p\u00fablico-alvo P\u00fablicoProfessor Especialista em Curr\u00edculo (PEC)Professor Especializado AEETodos Filtrar por [&hellip;]","og_url":"https:\/\/efape.educacao.sp.gov.br\/educacaoespecial\/recursos-e-materiais\/","og_site_name":"Educa\u00e7\u00e3o Especial","article_modified_time":"2025-10-26T20:16:33+00:00","twitter_card":"summary_large_image","twitter_misc":{"Est. tempo de leitura":"1 minuto"},"schema":{"@context":"https:\/\/schema.org","@graph":[{"@type":"WebPage","@id":"https:\/\/efape.educacao.sp.gov.br\/educacaoespecial\/recursos-e-materiais\/","url":"https:\/\/efape.educacao.sp.gov.br\/educacaoespecial\/recursos-e-materiais\/","name":"Recursos e materiais - Educa\u00e7\u00e3o Especial","isPartOf":{"@id":"https:\/\/efape.educacao.sp.gov.br\/educacaoespecial\/#website"},"datePublished":"2025-10-22T22:59:34+00:00","dateModified":"2025-10-26T20:16:33+00:00","breadcrumb":{"@id":"https:\/\/efape.educacao.sp.gov.br\/educacaoespecial\/recursos-e-materiais\/#breadcrumb"},"inLanguage":"pt-BR","potentialAction":[{"@type":"ReadAction","target":["https:\/\/efape.educacao.sp.gov.br\/educacaoespecial\/recursos-e-materiais\/"]}]},{"@type":"BreadcrumbList","@id":"https:\/\/efape.educacao.sp.gov.br\/educacaoespecial\/recursos-e-materiais\/#breadcrumb","itemListElement":[{"@type":"ListItem","position":1,"name":"In\u00edcio","item":"https:\/\/efape.educacao.sp.gov.br\/educacaoespecial\/"},{"@type":"ListItem","position":2,"name":"Recursos e materiais"}]},{"@type":"WebSite","@id":"https:\/\/efape.educacao.sp.gov.br\/educacaoespecial\/#website","url":"https:\/\/efape.educacao.sp.gov.br\/educacaoespecial\/","name":"Educa\u00e7\u00e3o Especial","description":"Site dedicado \u00e0 Educa\u00e7\u00e3o Especial","potentialAction":[{"@type":"SearchAction","target":{"@type":"EntryPoint","urlTemplate":"https:\/\/efape.educacao.sp.gov.br\/educacaoespecial\/?s={search_term_string}"},"query-input":{"@type":"PropertyValueSpecification","valueRequired":true,"valueName":"search_term_string"}}],"inLanguage":"pt-BR"}]}},"_links":{"self":[{"href":"https:\/\/efape.educacao.sp.gov.br\/educacaoespecial\/wp-json\/wp\/v2\/pages\/21","targetHints":{"allow":["GET"]}}],"collection":[{"href":"https:\/\/efape.educacao.sp.gov.br\/educacaoespecial\/wp-json\/wp\/v2\/pages"}],"about":[{"href":"https:\/\/efape.educacao.sp.gov.br\/educacaoespecial\/wp-json\/wp\/v2\/types\/page"}],"author":[{"embeddable":true,"href":"https:\/\/efape.educacao.sp.gov.br\/educacaoespecial\/wp-json\/wp\/v2\/users\/1"}],"replies":[{"embeddable":true,"href":"https:\/\/efape.educacao.sp.gov.br\/educacaoespecial\/wp-json\/wp\/v2\/comments?post=21"}],"version-history":[{"count":40,"href":"https:\/\/efape.educacao.sp.gov.br\/educacaoespecial\/wp-json\/wp\/v2\/pages\/21\/revisions"}],"predecessor-version":[{"id":1180,"href":"https:\/\/efape.educacao.sp.gov.br\/educacaoespecial\/wp-json\/wp\/v2\/pages\/21\/revisions\/1180"}],"wp:attachment":[{"href":"https:\/\/efape.educacao.sp.gov.br\/educacaoespecial\/wp-json\/wp\/v2\/media?parent=21"}],"curies":[{"name":"wp","href":"https:\/\/api.w.org\/{rel}","templated":true}]}}